(6). Let c = n - 3. Is 31581/27 + (-2)/c a prime number?
False
Let i = -7 - -10. Suppose -2*d - i*x + 1 = 0, -d + x - 1 = -4. Suppose 0*a = -d*l + 3*a + 37, -l + 14 = -3*a. Is l composite?
False
Suppose -3*j + 30 = 2*j. Let m be 2/j + 28/(-12). Is 97 - (-2 - -1)*m a prime number?
False
Is 36/63 + 81962/14 a prime number?
False
Let b(o) = -2*o**3 - 5*o**2 - o - 51. Is b(-13) composite?
False
Let i(j) = 2*j**3 - 7 + 4*j**2 - 2*j**2 + 4*j - 6*j**3 - 5*j. Let p be i(-3). Let a = 283 - p. Is a composite?
True
Let q(t) be the second derivative of 113*t**3/6 - 7*t**2/2 + 48*t. Is q(10) prime?
True
Suppose -7689 = -11*r - 1375. Let y = r + 1399. Is y prime?
True
Let f be (-47544)/(-9) + 10/(-15). Suppose -2*y = 2*v + y - f, -12 = 3*y. Is v prime?
True
Is 2/(-6)*(-4 - 2015) prime?
True
Let x(g) = 20*g - 12. Let a be x(-14). Let c = 961 - a. Is c prime?
False
Let a = -617 - -308. Let w = a - -178. Let r = w - -870. Is r prime?
True
Let r(a) = 9*a**2 - 6*a - 7. Let o be r(-6). Let n = -86 + o. Is n a prime number?
False
Let b = -6 - -9. Suppose -u = -i - 1, 4*u + 3 = -b*i - 21. Is (212/(-6))/(2/u) prime?
True
Let v(o) = -4*o - 19. Let x be v(-6). Suppose z - x*z - 3*m + 2225 = 0, 2226 = 4*z + 2*m. Is z composite?
False
Let q(i) = 6470*i - 12. Let s be q(2). Suppose -10*b + s = 4098. Is b a composite number?
False
Let d be (-10)/5 + 8/(-1). Let v(g) = 14*g**2 + 14*g - 4. Let n be v(d). Suppose 0 = -3*m + n + 61. Is m a composite number?
False
Suppose 2*f = 2*t - 48, 4*f - f + 50 = 2*t. Suppose -985 = -t*k + 21*k. Is k prime?
False
Let z = -10267 - -30684. Is z a composite number?
True
Let w = 123 - 43. Suppose -v + 5*v - p - 109 = 0, -3*v - p = -w. Is 2949/v - (-4)/(-18) a composite number?
False
Let w = 649 + -383. Suppose 5*c - w = -3*m + 117, 5*m + 5*c - 645 = 0. Is m a prime number?
True
Suppose 20*j + 28475 = 25*j. Let d = -2562 + j. Is d prime?
False
Let c(j) = -245*j - 58. Is c(-7) a composite number?
False
Let f = -17 - -19. Suppose -4*b = n - 27, 0 = 2*n + f*n - b - 159. Let j = n + 20. Is j prime?
True
Let u(s) = -1120*s - 69. Is u(-5) composite?
False
Let g(q) = 4*q**3 + q + 9. Suppose a - w = 8, -3*w = 2*a - 4*w - 12. Is g(a) prime?
True
Let o(k) = k**3 - 11*k**2 + 10*k + 2. Let x be o(10). Suppose -7 = 5*v - x. Is v/((-4)/352) - -1 a composite number?
False
Suppose -2*n + 12 = y, -2*n - 10 = -4*y - 2. Suppose -3*l - 5*v = -n, 2*l - 5*v = 6 + 5. Suppose -990 = -l*d - 3*b, -4*b + 1 = -3. Is d prime?
False
Let p(y) = -113*y - 5. Let u be p(-2). Let v = 28 + u. Is v a prime number?
False
Let f(t) = -t**2 - 9*t - 10. Let q be f(-7). Let i be ((-24)/(-10))/((-3)/(-10)). Is q/i - 279/(-6) a composite number?
False
Let k(z) = -z**3 - 9*z**2 + 5*z - 11. Let y = -16 - -24. Let n be k(y). Is ((1 - -3) + n)*-1 a composite number?
True
Suppose 2*q = -y + 4*y - 32, 4*y - 2*q = 42. Let p = 8 - y. Let w = p - -4. Is w prime?
True
Let g(p) = -18*p + 6. Let k be g(-11). Suppose -5*r - k + 1429 = 0. Is (-3)/(-4) + r/4 composite?
True
Let n be (5 - (-2)/(-1))/(21/(-3682)). Let x = -5 - n. Is x a prime number?
True
Suppose 4*i - 16171 = -28*n + 27*n, 2*n - 32357 = -3*i. Is n a prime number?
True
Let h(q) = -4*q**2 - 3*q - 1579. Let y(z) = -z**2 - z - 1. Let f(m) = -h(m) + 2*y(m). Is f(0) a composite number?
True
Suppose -13 + 1 = -3*w. Suppose 2234 + 289 = w*f - y, 4*f - 2527 = -3*y. Is f a composite number?
False
Let n be (0 + -1)*(-8 + 7). Is n/(11/(-2)) - (-42204)/44 a composite number?
True
Let u be 2/(0 - 2/(-5)). Let w(c) be the first derivative of c**4 + 2*c**3 - 3*c**2/2 - 4*c - 128. Is w(u) prime?
True
Let x(w) = 572*w**3 - 2*w**2 - w - 4. Let p(t) = t**3 + t - 1. Let f(h) = 2*p(h) - x(h). Is f(-1) a composite number?
False
Let z(o) = -832*o + 757. Is z(-7) a composite number?
False
Let b = 13 - -280. Let o = b + -44. Is o a composite number?
True
Suppose 44285 = 2*r - p, -4*r + 9*p = 6*p - 88573. Is r composite?
True
Let a(s) = -2*s**3 - 2*s. Let z be a(-4). Let b be 1137/6*5/((-10)/(-4)). Suppose z + b = 5*u. Is u prime?
True
Let x(i) = 5*i**2 - 5*i + 6. Let j be x(5). Let b = -48 + j. Is b a composite number?
True
Suppose 0 = -8*p - 18*p + 240058. Is p prime?
False
Suppose 0 = -15*c + 20*c + q - 63305, 4*q = 5*c - 63305. Is c prime?
False
Let o(g) = -g**3 - 2*g**2 + 2*g + 12677. Is o(0) a prime number?
False
Let s(u) = 8794*u**2 - 5*u + 6. Is s(1) composite?
True
Is 36/(-63)*(-4 - 3524/8) a composite number?
True
Is 304173/81 - (-4 + (-152)/(-36)) composite?
True
Suppose -2*l - 15 = -7*l. Suppose 5*i + 2*t + 170 = -l*t, -i - 26 = -t. Is ((-30)/(-4))/((-9)/i) composite?
True
Let v(d) = -2*d - 5. Let t(q) = q**2 + 10*q + 5. Let g be t(-10). Let z be v(g). Let x = z - -164. Is x composite?
False
Let c = 301 - 196. Let f be (960/56)/(3/c). Suppose -f = -4*t - 68. Is t a composite number?
True
Let p(c) = -171*c - 31. Let h be p(4). Let u = 1052 + h. Is u composite?
False
Let n(m) = -m**3 + 5*m**2 - 3*m - 2. Let d be n(4). Let i be d/5 + 132/(-30). Let w(o) = 22*o**2 - 4*o + 3. Is w(i) a composite number?
True
Let r be (10/4 - 2)*-262. Suppose 5 = s, l + 5*s = 135 + 80. Let y = r + l. Is y composite?
False
Let m(s) = 5*s + 249*s**2 + 7 + 122*s**2 - 105*s**2 + 2*s. Let c be m(7). Is (-2)/(-6) - c/(-33) composite?
False
Suppose -2*b - 30 = -3*l, b - 3*l + 54 = -3*b. Let y be (-3)/(-12) + 2345/(-4). Is (y/8)/(3/b) a prime number?
True
Let r be 9/((-36)/(-8)) - -81. Let p = r - 217. Let g = p + 319. Is g prime?
False
Let h(n) = -375*n - 7. Suppose 3*u - 3 = 0, 3*o - 6*o = -2*u + 8. Is h(o) prime?
True
Let y be 2/6 + 24/9. Let n = 8 - y. Let a = n - -218. Is a prime?
True
Let n be ((-1500)/45)/((-1)/(-24)*2). Let v = n + 893. Is v a prime number?
False
Let g = -9 + 14. Suppose -g*l + 14 = -2*r, 3*r - l + 0 - 5 = 0. Is (-508)/(-6) - (-1)/r prime?
False
Let d = 16 + -10. Let i(v) = v - 2. Let u be i(d). Suppose 0 = -u*f + 2*h + 464, 4*f + 0*h - 462 = h. Is f composite?
True
Let g be (1 - 3)*(-4 - (-5 + 1319)). Suppose b + 3*b + p = 3503, 3*b - p - g = 0. Is b prime?
True
Let x(r) = r**2 - 2*r + 21089. Is x(0) a prime number?
True
Is 3*(-4)/(-3) - (-198369)/9 composite?
True
Let i(h) = -24*h + 6. Let m be i(3). Let v = -43 - m. Let p = v + 0. Is p a composite number?
False
Suppose 4*p = -8*p + 168. Let j = 363 + p. Is j a prime number?
False
Let r = -5214 + 14995. Is r composite?
False
Is -2*((-42455)/10 - 11) prime?
True
Let p be 10/2 - (9 - 7). Suppose -p*f = f - 12. Suppose 443 = f*v - 310. Is v prime?
True
Let v = -256 - -1095. Is v a prime number?
True
Let w = 15374 - 6492. Is w a composite number?
True
Suppose 4*s = 4*r + 28, s = 2*s - 4*r - 13. Suppose 5*k + 1 = -2*h, -k + 6 = h - s*k. Is 4240/6 + h/6 a prime number?
False
Suppose 30*w = 102*w - 1042920. Is w a prime number?
False
Let r(k) = 485*k**2. Suppose 5*a - 4*a = 1. Is r(a) a composite number?
True
Let v(p) = -15*p**2 + 7*p + 5. Let f(h) = 49*h - 180*h**2 + 10*h + 39 + 21 + 26*h. Let y(k) = 2*f(k) - 25*v(k). Is y(6) a prime number?
False
Let r(w) = -98*w**3 - 3*w**2 - 2*w + 7. Is r(-4) prime?
False
Let a = 116 - -44. Let c = 303 - a. Is c composite?
True
Is (2/(-2))/((-26)/165698) a composite number?
False
Suppose 0 = 5*m - 3*n - 4980, m - 17 - 961 = -3*n. Is m prime?
False
Suppose 7*f - 8*f + 50 = 0. Suppose n - 1685 = f. Is n a composite number?
True
Let f(m) = m**2 + m + 1. Let a be f(2). Let n = 171 + a. Suppose l + y - 27 = n, -3*l = 2*y - 613. Is l a composite number?
True
Suppose -5*k + 0*k + 15 = 0. Let o be (-109)/(-3)*(k - 0). Let f = -44 + o. Is f composite?
True
Suppose 0 = d + 3*d, d + 2235 = -3*g. Let t = g + 1112. Is t prime?
True
Let f(q) = q**3 + 11*q**2 - 12*q + 2. Let b be f(-12). Let o be 16/(-8)*119/b. Let g = o + 340. Is g a composite number?
True
Suppose 4*z = 9*z + 4*m - 521253, -4*m = z - 104257. Is z a prime number?
False
Let f = -105 - 43. Is (-4)/(12/(-9))*(1 - f) prime?
False
Suppose -3*g = -q + 25240, -5*q = -18*g + 15*g - 126236. Is q a prime number?
False
Let i(n) = -407*n**3 + 5*n**2 + 15*n + 38. Is i(-3) composite?
False
Let z = 4 - 1. Suppose v - 39349 = -4*v - 3*p, 5*p - 23603 = -z*v. Let k = v - 4518. Is k composite?
True
Suppose -58 + 8 = 5*w. Is (262/(-10))/(2/w) a prime number?
True
Let v = 2564 + -103. Is v a composite number?
True
Let q be 3 - (-6940)/15